{"id":16,"date":"2016-09-21T16:20:58","date_gmt":"2016-09-21T14:20:58","guid":{"rendered":"http:\/\/uffgeplatzde.de\/wordpress\/?page_id=16"},"modified":"2025-11-30T11:30:49","modified_gmt":"2025-11-30T10:30:49","slug":"die-uffgeplatzde","status":"publish","type":"page","link":"https:\/\/uffgeplatzde.de\/wordpress\/","title":{"rendered":"Die Uffgeplatzde"},"content":{"rendered":"\n<div class=\"wp-block-group is-nowrap is-layout-flex wp-container-core-group-is-layout-6c531013 wp-block-group-is-layout-flex\">\n<div class=\"wp-block-columns is-layout-flex wp-container-core-columns-is-layout-28f84493 wp-block-columns-is-layout-flex\">\n<div class=\"wp-block-column is-layout-flow wp-block-column-is-layout-flow\" style=\"flex-basis:100%\">\n<p>&nbsp;<\/p>\n<p>\u201eDie Uffgeplatzde\u201c wurden zum ersten Mal urkundlich erw\u00e4hnt am 01. Mai 2009 in<br \/>einem Caf\u00e9 nahe dem Waldesrand in der Kurstadt Bad Soden.<\/p>\n<p>\u201eDie Uffgeplatzde\u201c (Conny und J\u00fcrgen Lorscheider), zeichnen sich durch Ihr breites<br \/>Repertoire aus. Die besten Partyhits, Schlager und Volksmusik. Keine Angst. Etwas<br \/>rockiges ist auch dabei. Eben alles was das Herz begehrt.<\/p>\n<p>Referenzen:<\/p>\n<p>Alsberger Kerb, Niederzeller Kerb, L\u00fctzelh\u00e4user Kerb, Geislitzer Kerb, Leisenwalder Heiratsmarkt,<br \/>Birsteiner Markt, Kreiswerke Main-Kinzig, Woco Group Salm\u00fcnster, Evonic Hanau, Sommerfest<br \/>Kern&#8217;scher M\u00e4nnerchor Salm\u00fcnster, Fr\u00fchlingsfest Freiwillige Feuerwehr Salm\u00fcnster, Kurparkfest<br \/>Bad Soden, Sch\u00fctzenfest Bad Soden, Hochzeiten, Geburtstage, Firmenveranstaltungen uvm.<\/p>\n<\/div>\n<\/div>\n<\/div>\n\n\n\n<p><\/p>\n","protected":false},"excerpt":{"rendered":"<p>&nbsp; \u201eDie Uffgeplatzde\u201c wurden zum ersten Mal urkundlich erw\u00e4hnt am 01. Mai 2009 ineinem Caf\u00e9 nahe dem Waldesrand in der Kurstadt Bad Soden. \u201eDie Uffgeplatzde\u201c (Conny und J\u00fcrgen Lorscheider), zeichnen sich durch Ihr breitesRepertoire aus. Die besten Partyhits, Schlager und Volksmusik. Keine Angst. Etwasrockiges ist auch dabei. Eben alles was das Herz begehrt. Referenzen: Alsberger [&hellip;]<\/p>\n","protected":false},"author":1,"featured_media":277,"parent":0,"menu_order":0,"comment_status":"closed","ping_status":"closed","template":"","meta":{"footnotes":""},"class_list":["post-16","page","type-page","status-publish","has-post-thumbnail","hentry"],"_links":{"self":[{"href":"https:\/\/uffgeplatzde.de\/wordpress\/wp-json\/wp\/v2\/pages\/16","targetHints":{"allow":["GET"]}}],"collection":[{"href":"https:\/\/uffgeplatzde.de\/wordpress\/wp-json\/wp\/v2\/pages"}],"about":[{"href":"https:\/\/uffgeplatzde.de\/wordpress\/wp-json\/wp\/v2\/types\/page"}],"author":[{"embeddable":true,"href":"https:\/\/uffgeplatzde.de\/wordpress\/wp-json\/wp\/v2\/users\/1"}],"replies":[{"embeddable":true,"href":"https:\/\/uffgeplatzde.de\/wordpress\/wp-json\/wp\/v2\/comments?post=16"}],"version-history":[{"count":13,"href":"https:\/\/uffgeplatzde.de\/wordpress\/wp-json\/wp\/v2\/pages\/16\/revisions"}],"predecessor-version":[{"id":420,"href":"https:\/\/uffgeplatzde.de\/wordpress\/wp-json\/wp\/v2\/pages\/16\/revisions\/420"}],"wp:featuredmedia":[{"embeddable":true,"href":"https:\/\/uffgeplatzde.de\/wordpress\/wp-json\/wp\/v2\/media\/277"}],"wp:attachment":[{"href":"https:\/\/uffgeplatzde.de\/wordpress\/wp-json\/wp\/v2\/media?parent=16"}],"curies":[{"name":"wp","href":"https:\/\/api.w.org\/{rel}","templated":true}]}}